{"id":3613,"date":"2017-08-30T11:41:12","date_gmt":"2017-08-30T14:41:12","guid":{"rendered":"http:\/\/www.trescontinentes.cl\/es\/?page_id=3613"},"modified":"2025-11-24T23:24:16","modified_gmt":"2025-11-25T03:24:16","slug":"tarifas","status":"publish","type":"page","link":"https:\/\/www.trescontinentes.cl\/?page_id=3613","title":{"rendered":"Tarifas"},"content":{"rendered":"<style type=\"text\/css\"> \n#cmsms_row_69dfe9647df8d .cmsms_row_outer_parent { \n\tpadding-top: 0px; \n} \n\n#cmsms_row_69dfe9647df8d .cmsms_row_outer_parent { \n\tpadding-bottom: 50px; \n} \n\n \n#cmsms_divider_69dfe9647dfb0 { \n\tpadding-top:10px; \n\tmargin-bottom:10px; \n} \n \n#cmsms_row_69dfe9647dfca .cmsms_row_outer_parent { \n\tpadding-top: 0px; \n} \n\n#cmsms_row_69dfe9647dfca .cmsms_row_outer_parent { \n\tpadding-bottom: 50px; \n} \n\n \n#cmsms_row_69dfe9647e082 .cmsms_row_outer_parent { \n\tpadding-top: 0px; \n} \n\n#cmsms_row_69dfe9647e082 .cmsms_row_outer_parent { \n\tpadding-bottom: 50px; \n} \n\n \n#cmsms_icon_69dfe9647e0ef { \n\ttext-align:center; \n\tdisplay:block; } \n\n#cmsms_icon_69dfe9647e0ef span { \n\tcolor:#ff2d2d; color:rgba(255, 45, 45, 1);\n\tfont-size:40px; \n\tline-height:40px; \n\ttext-align:center; } \n<\/style><div id=\"cmsms_row_69dfe9647df8d\" class=\"cmsms_row cmsms_color_scheme_default\">\n<div class=\"cmsms_row_outer_parent\">\n<div class=\"cmsms_row_outer\">\n<div class=\"cmsms_row_inner\">\n<div class=\"cmsms_row_margin\">\n<div class=\"cmsms_column one_first\">\n<div id=\"cmsms_divider_69dfe9647dfb0\" class=\"cl\"><\/div>\n<\/div>\n<\/div>\n<\/div>\n<\/div>\n<\/div>\n<\/div>\n<div id=\"cmsms_row_69dfe9647dfca\" class=\"cmsms_row cmsms_color_scheme_default\">\n<div class=\"cmsms_row_outer_parent\">\n<div class=\"cmsms_row_outer\">\n<div class=\"cmsms_row_inner\">\n<div class=\"cmsms_row_margin\">\n<div class=\"cmsms_column one_first\">\n<div class=\"cmsms_tabs tabs_mode_tour tabs_pos_left\">\n<ul class=\"cmsms_tabs_list\">\n<li id=\"cmsms_tabs_list_item_69dfe9647e026\" class=\"cmsms_tabs_list_item current_tab\">\n<a href=\"#\" class=\"cmsms-icon-home\">\n<span>Chile, Dinamarca y Etiop\u00eda<\/span>\n<\/a>\n<\/li><li id=\"cmsms_tabs_list_item_69dfe9647e03c\" class=\"cmsms_tabs_list_item\">\n<a href=\"#\" class=\"cmsms-icon-home-1\">\n<span>Ladera Spa<\/span>\n<\/a>\n<\/li><li id=\"cmsms_tabs_list_item_69dfe9647e04c\" class=\"cmsms_tabs_list_item\">\n<a href=\"#\" class=\"cmsms-icon-home-1\">\n<span>Ladera R\u00edo<\/span>\n<\/a>\n<\/li><li id=\"cmsms_tabs_list_item_69dfe9647e05b\" class=\"cmsms_tabs_list_item\">\n<a href=\"#\" class=\"cmsms-icon-home-4\">\n<span>Casa Reina de Saba<\/span>\n<\/a>\n<\/li><\/ul>\n<div class=\"cmsms_tabs_wrap\">\n<div id=\"cmsms_tab_69dfe9647e026\" class=\"cmsms_tab active_tab\">\n<div class=\"cmsms_tab_inner\">\n<h2>Ideal para una o dos familias o grupo peque\u00f1o<\/h2>\n<p>Precio por noche de alta demanda: 120.000 pesos hasta tres personas. Por cada persona adicional a esas tres se paga 10.000 (hasta un m\u00e1ximo de 6 personas a 150.000).<\/p>\n<p>Especial marzo, abril, mayo y junio: <span style=\"text-decoration: underline;\">30% de descuento<\/span> en noches de baja demanda, es decir, 84.000 hasta tres personas. Una noche es de baja demanda cuando el d\u00eda siguiente es laboral y escolar.<\/p>\n<p>Los turistas extranjeros en Chile son eximidos del impuesto al valor agregado (IVA), por lo que pueden dividir los precios arriba indicados por 1,19.<\/p>\n<\/div>\n<\/div>\n<div id=\"cmsms_tab_69dfe9647e03c\" class=\"cmsms_tab\">\n<div class=\"cmsms_tab_inner\">\n<h2>Ideal para dos personas<\/h2>\n<p>Precio por noche de alta demanda: 140.000 pesos hasta dos personas (tambi\u00e9n cabe un ni\u00f1o peque\u00f1o en la cama matrimonial &#8220;super king&#8221;).<\/p>\n<p>Especial marzo, abril, mayo y junio: <span style=\"text-decoration: underline;\">30% de descuento<\/span> en noches de baja demanda, es decir, 98.000 en vez de 140.000. Una noche es de baja demanda cuando el d\u00eda siguiente es laboral y escolar.<\/p>\n<p>Los turistas extranjeros en Chile son eximidos del impuesto al valor agregado (IVA), por lo que pueden dividir los precios arriba indicados por 1,19.<\/p>\n<\/div>\n<\/div><div id=\"cmsms_tab_69dfe9647e04c\" class=\"cmsms_tab\">\n<div class=\"cmsms_tab_inner\">\n<h2>Ideal para dos personas<\/h2>\n<p>Precio por noche de alta demanda: 115.000 pesos hasta dos personas (tambi\u00e9n cabe un ni\u00f1o peque\u00f1o en la cama matrimonial &#8220;super king&#8221;).<\/p>\n<p>Especial marzo, abril, mayo y junio: <span style=\"text-decoration: underline;\">30% de descuento<\/span> en noches de baja demanda, es decir, 80.500 en vez de 115.000. Una noche es de baja demanda cuando el d\u00eda siguiente es laboral y escolar.<\/p>\n<p>Los turistas extranjeros en Chile son eximidos del impuesto al valor agregado (IVA), por lo que pueden dividir los precios arriba indicados por 1,19.<\/p>\n<\/div>\n<\/div><div id=\"cmsms_tab_69dfe9647e05b\" class=\"cmsms_tab\">\n<div class=\"cmsms_tab_inner\">\n<h2>Ideal para grupo grande<\/h2>\n<p>Precio por noche de alta demanda: 235.000 pesos hasta ocho personas. Por cada persona adicional a esas ocho se paga 10.000 (hasta un m\u00e1ximo de diez personas).<\/p>\n<p>Especial marzo, abril, mayo y junio: <span style=\"text-decoration: underline;\">30% de descuento<\/span> en noches de baja demanda, es decir, 164.500 en vez de 235.000. Una noche es de baja demanda cuando el d\u00eda siguiente es laboral y escolar.<\/p>\n<p>Los turistas extranjeros en Chile son eximidos del impuesto al valor agregado (IVA), por lo que pueden dividir los precios arriba indicados por 1,19.<\/p>\n<\/div>\n<\/div><\/div>\n<\/div>\n<\/div>\n<\/div>\n<\/div>\n<\/div>\n<\/div>\n<\/div>\n<div id=\"cmsms_row_69dfe9647e082\" class=\"cmsms_row cmsms_color_scheme_default\">\n<div class=\"cmsms_row_outer_parent\">\n<div class=\"cmsms_row_outer\">\n<div class=\"cmsms_row_inner\">\n<div class=\"cmsms_row_margin\">\n<div class=\"cmsms_column one_first\">\n<div id=\"cmsms_notice_69dfe9647e0bf\" class=\"cmsms_notice cmsms_notice_error\">\n<div class=\"notice_icon\"><\/div>\n<div class=\"notice_content\">\n\n<div id=\"cmsms_icon_69dfe9647e0ef\" class=\"icon_wrap\"><span id=\"cmsms_icon_69dfe9647e0ef\" class=\"cmsms_simple_icon cmsms-icon-warning\"><\/span><\/div>\n<h2 style=\"text-align: center;\">ATENCI\u00d3N<\/h2>\n<ul>\n<li>Las mascotas no est\u00e1n permitidas, salvo en casos especiales en la Casa Reina de Saba<\/li>\n<li>Los ni\u00f1os menores de 6 a\u00f1os de edad son incluidos de forma gratuita (hasta uno por adulto).<\/li>\n<li>Las reservas anticipadas para fines de semana normalmente son por un m\u00ednimo de dos noches, fines de semana largos por tres noches.<\/li>\n<li>La salida es a las 12 horas del mediod\u00eda, aunque algunas veces, si no hay muchas reservas para la noche siguiente, es posible quedarse m\u00e1s horas a cambio de un pago adicional. La entrada es a partir de las 16 horas (o antes, sujeto a disponibilidad).<\/li>\n<li>Entregamos la caba\u00f1a\/casa limpia y con ropa de cama reci\u00e9n lavada (usamos plumones con fundas), pero no prestamos servicios diarios de mucama como en los hoteles de la ciudad, a menos que se contrate y pague aparte.<\/li>\n<li>Por ley no se permite fumar en el interior de las habitaciones.<\/li>\n<li>La piscina estar\u00e1 habilitada de noviembre a abril. Los hu\u00e9spedes son responsables de vigilar bien a sus ni\u00f1os y no entrar al recinto de la piscina con bebida o comida. Tambi\u00e9n pedimos no acercarse demasiado a hu\u00e9spedes de otros grupos durante la pandemia.<\/li>\n<li>Frente a cualquier da\u00f1o causado por descuido, el visitante deber\u00e1 asumir el costo. Por supuesto, todos los hu\u00e9spedes tendr\u00e1n una conducta respetuosa y responsable, o Tres Continentes se reserva el derecho a exigirles el retiro de la parcela sin derecho a devoluci\u00f3n.<\/li>\n<li>De mayo a septiembre, se incluye una cesta de le\u00f1a de alta calidad (15-20 kg). Cada canasta adicional cuesta 5.000 para promover la conciencia ecol\u00f3gica.<\/li>\n<li>En el caso de las\u00a0<strong>caba\u00f1as Chile, Dinamarca y Etiop\u00eda<\/strong>, la escalera a los dormitorios de segundo piso es muy empinada y no apta para\u00a0personas con dificultades para moverse. Eso s\u00ed, es posible que una persona duerma en el primer piso en un sofa cama.<\/li>\n<li>Se accede a las <strong>caba\u00f1as Ladera R\u00edo<\/strong> bajando por un sendero a un minuto del estacionamiento.<\/li>\n<\/ul>\n<\/div>\n<\/div>\n<\/div>\n<\/div>\n<\/div>\n<\/div>\n<\/div>\n<\/div>\n\n","protected":false},"excerpt":{"rendered":"","protected":false},"author":1,"featured_media":0,"parent":0,"menu_order":0,"comment_status":"closed","ping_status":"closed","template":"","meta":{"footnotes":""},"class_list":["post-3613","page","type-page","status-publish","hentry"],"_links":{"self":[{"href":"https:\/\/www.trescontinentes.cl\/index.php?rest_route=\/wp\/v2\/pages\/3613","targetHints":{"allow":["GET"]}}],"collection":[{"href":"https:\/\/www.trescontinentes.cl\/index.php?rest_route=\/wp\/v2\/pages"}],"about":[{"href":"https:\/\/www.trescontinentes.cl\/index.php?rest_route=\/wp\/v2\/types\/page"}],"author":[{"embeddable":true,"href":"https:\/\/www.trescontinentes.cl\/index.php?rest_route=\/wp\/v2\/users\/1"}],"replies":[{"embeddable":true,"href":"https:\/\/www.trescontinentes.cl\/index.php?rest_route=%2Fwp%2Fv2%2Fcomments&post=3613"}],"version-history":[{"count":56,"href":"https:\/\/www.trescontinentes.cl\/index.php?rest_route=\/wp\/v2\/pages\/3613\/revisions"}],"predecessor-version":[{"id":25889,"href":"https:\/\/www.trescontinentes.cl\/index.php?rest_route=\/wp\/v2\/pages\/3613\/revisions\/25889"}],"wp:attachment":[{"href":"https:\/\/www.trescontinentes.cl\/index.php?rest_route=%2Fwp%2Fv2%2Fmedia&parent=3613"}],"curies":[{"name":"wp","href":"https:\/\/api.w.org\/{rel}","templated":true}]}}