{"id":3310,"date":"2015-11-24T01:04:19","date_gmt":"2015-11-24T04:04:19","guid":{"rendered":"http:\/\/www.trescontinentes.cl\/?post_type=project&#038;p=3310"},"modified":"2025-11-28T13:46:48","modified_gmt":"2025-11-28T17:46:48","slug":"ladera-rio","status":"publish","type":"project","link":"https:\/\/www.trescontinentes.cl\/?project=ladera-rio","title":{"rendered":"Ladera R\u00edo"},"content":{"rendered":"<style type=\"text\/css\"> \n#cmsms_row_69f36846dff71 .cmsms_row_outer_parent { \n\tpadding-top: 0px; \n} \n\n#cmsms_row_69f36846dff71 .cmsms_row_outer_parent { \n\tpadding-bottom: 50px; \n} \n\n<\/style><div id=\"cmsms_row_69f36846dff20\" class=\"cmsms_row cmsms_color_scheme_default\">\n<div class=\"cmsms_row_outer_parent\">\n<div class=\"cmsms_row_outer\">\n<div class=\"cmsms_row_inner\">\n<div class=\"cmsms_row_margin\">\n<div class=\"cmsms_column one_first\">\n<div class=\"cmsms_text\">\n<p>Las caba\u00f1as Ladera R\u00edo deleitan la vista y el o\u00eddo con la cercan\u00eda del torrentoso R\u00edo Maipo.<br \/>\nCada caba\u00f1a tiene capacidad para 2 adultos y tal vez un ni\u00f1o, y tiene:<\/p>\n<\/div>\n<\/div>\n<\/div>\n<\/div>\n<\/div>\n<\/div>\n<\/div>\n<div id=\"cmsms_row_69f36846dff71\" class=\"cmsms_row cmsms_color_scheme_default\">\n<div class=\"cmsms_row_outer_parent\">\n<div class=\"cmsms_row_outer\">\n<div class=\"cmsms_row_inner\">\n<div class=\"cmsms_row_margin\">\n<div class=\"cmsms_column one_half\">\n<div class=\"cmsms_text\">\n<ul>\n<li>El r\u00edo a poca distancia<\/li>\n<li>Cocina equipada<\/li>\n<li>Calefactor a le\u00f1a (de mayo a septiembre)<\/li>\n<li>Televisi\u00f3n satelital<\/li>\n<li>Ba\u00f1o moderno<\/li>\n<li>Terraza privada<\/li>\n<\/ul>\n<\/div>\n<\/div>\n<div class=\"cmsms_column one_half\">\n<div class=\"cmsms_text\">\n<ul>\n<li>Asadera y quincho<\/li>\n<li>Una cama de dos plazas (&#8220;King Size&#8221;), que previo aviso es dividible en dos camas de una plaza, adem\u00e1s de una camita plegable para un ni\u00f1o, si se desea<\/li>\n<li>Ropa de cama completa (usamos plum\u00f3n con funda) y toallas<\/li>\n<li>WIFI y buena se\u00f1al de todos los celulares<\/li>\n<li>Por favor, n\u00f3tese que el estacionamiento no est\u00e1 al lado de la caba\u00f1a, sino a menos de un minuto a pie<\/li>\n<\/ul>\n<\/div>\n<\/div>\n<\/div>\n<\/div>\n<\/div>\n<\/div>\n<\/div>\n\n","protected":false},"excerpt":{"rendered":"<p>Precio base por noche $115.000 (2 personas). Persona extra (tal vez un ni\u00f1o) $10.000<\/p>\n","protected":false},"author":1,"featured_media":3383,"menu_order":0,"comment_status":"closed","ping_status":"closed","template":"","format":"standard","meta":{"footnotes":""},"class_list":["post-3310","project","type-project","status-publish","format-standard","has-post-thumbnail","hentry","pj-categs-cabanas","pj-tags-cabanas"],"_links":{"self":[{"href":"https:\/\/www.trescontinentes.cl\/index.php?rest_route=\/wp\/v2\/project\/3310","targetHints":{"allow":["GET"]}}],"collection":[{"href":"https:\/\/www.trescontinentes.cl\/index.php?rest_route=\/wp\/v2\/project"}],"about":[{"href":"https:\/\/www.trescontinentes.cl\/index.php?rest_route=\/wp\/v2\/types\/project"}],"author":[{"embeddable":true,"href":"https:\/\/www.trescontinentes.cl\/index.php?rest_route=\/wp\/v2\/users\/1"}],"replies":[{"embeddable":true,"href":"https:\/\/www.trescontinentes.cl\/index.php?rest_route=%2Fwp%2Fv2%2Fcomments&post=3310"}],"version-history":[{"count":16,"href":"https:\/\/www.trescontinentes.cl\/index.php?rest_route=\/wp\/v2\/project\/3310\/revisions"}],"predecessor-version":[{"id":25901,"href":"https:\/\/www.trescontinentes.cl\/index.php?rest_route=\/wp\/v2\/project\/3310\/revisions\/25901"}],"wp:featuredmedia":[{"embeddable":true,"href":"https:\/\/www.trescontinentes.cl\/index.php?rest_route=\/wp\/v2\/media\/3383"}],"wp:attachment":[{"href":"https:\/\/www.trescontinentes.cl\/index.php?rest_route=%2Fwp%2Fv2%2Fmedia&parent=3310"}],"curies":[{"name":"wp","href":"https:\/\/api.w.org\/{rel}","templated":true}]}}

Ladera Río

<style type="text/css"> 
#cmsms_row_69f36846dff71 .cmsms_row_outer_parent { 
	padding-top: 0px; 
} 

#cmsms_row_69f36846dff71 .cmsms_row_outer_parent { 
	padding-bottom: 50px; 
} 

</style><div id="cmsms_row_69f36846dff20" class="cmsms_row cmsms_color_scheme_default">
<div class="cmsms_row_outer_parent">
<div class="cmsms_row_outer">
<div class="cmsms_row_inner">
<div class="cmsms_row_margin">
<div class="cmsms_column one_first">
<div class="cmsms_text">
<p>Las cabañas Ladera Río deleitan la vista y el oído con la cercanía del torrentoso Río Maipo.<br />
Cada cabaña tiene capacidad para 2 adultos y tal vez un niño, y tiene:</p>
</div>
</div>
</div>
</div>
</div>
</div>
</div>
<div id="cmsms_row_69f36846dff71" class="cmsms_row cmsms_color_scheme_default">
<div class="cmsms_row_outer_parent">
<div class="cmsms_row_outer">
<div class="cmsms_row_inner">
<div class="cmsms_row_margin">
<div class="cmsms_column one_half">
<div class="cmsms_text">
<ul>
<li>El río a poca distancia</li>
<li>Cocina equipada</li>
<li>Calefactor a leña (de mayo a septiembre)</li>
<li>Televisión satelital</li>
<li>Baño moderno</li>
<li>Terraza privada</li>
</ul>
</div>
</div>
<div class="cmsms_column one_half">
<div class="cmsms_text">
<ul>
<li>Asadera y quincho</li>
<li>Una cama de dos plazas (&#8220;King Size&#8221;), que previo aviso es dividible en dos camas de una plaza, además de una camita plegable para un niño, si se desea</li>
<li>Ropa de cama completa (usamos plumón con funda) y toallas</li>
<li>WIFI y buena señal de todos los celulares</li>
<li>Por favor, nótese que el estacionamiento no está al lado de la cabaña, sino a menos de un minuto a pie</li>
</ul>
</div>
</div>
</div>
</div>
</div>
</div>
</div>

<p>Precio base por noche $115.000 (2 personas). Persona extra (tal vez un niño) $10.000</p>
